3 a factor of 3684?
True
Is 132 a multiple of 4?
True
Is 56544 a multiple of 30?
False
Does 7 divide 378?
True
Is 1449 a multiple of 21?
True
Is 20 a factor of 1876?
False
Is 33201 a multiple of 51?
True
Does 6 divide 264?
True
Is 527 a multiple of 17?
True
Does 69 divide 897?
True
Is 4 a factor of 992?
True
Is 4322 a multiple of 67?
False
Is 18 a factor of 24337?
False
Is 2670 a multiple of 18?
False
Is 52647 a multiple of 177?
False
Does 132 divide 20560?
False
Is 5 a factor of 694?
False
Does 77 divide 28336?
True
Is 5 a factor of 20?
True
Is 206 a factor of 56444?
True
Is 2852 a multiple of 92?
True
Is 4831 a multiple of 132?
False
Does 49 divide 39935?
True
Is 25106 a multiple of 79?
False
Is 13 a factor of 1641?
False
Is 10120 a multiple of 76?
False
Is 5790 a multiple of 5?
True
Does 32 divide 40800?
True
Is 12 a factor of 4846?
False
Is 2803 a multiple of 21?
False
Is 56 a factor of 32982?
False
Is 47402 a multiple of 13?
False
Does 136 divide 5474?
False
Is 23 a factor of 11546?
True
Does 28 divide 280?
True
Is 24 a factor of 480?
True
Does 21 divide 14637?
True
Does 5 divide 1059?
False
Does 14 divide 659?
False
Is 81 a factor of 7452?
True
Does 12 divide 40626?
False
Is 34 a factor of 220?
False
Does 40 divide 683?
False
Is 2 a factor of 1582?
True
Is 24 a factor of 6070?
False
Is 108864 a multiple of 239?
False
Does 23 divide 163?
False
Is 6 a factor of 2790?
True
Does 29 divide 7685?
True
Is 45265 a multiple of 55?
True
Does 14 divide 71?
False
Is 173 a multiple of 11?
False
Is 27 a factor of 4347?
True
Does 19 divide 74?
False
Is 180 a multiple of 12?
True
Is 24 a factor of 81024?
True
Is 1080 a multiple of 18?
True
Is 18 a factor of 15030?
True
Does 28 divide 1316?
True
Does 13 divide 182?
True
Is 22 a factor of 1232?
True
Does 9 divide 15135?
False
Is 5 a factor of 5351?
False
Is 40220 a multiple of 20?
True
Is 832 a multiple of 64?
True
Does 11 divide 1261?
False
Is 460 a multiple of 10?
True
Is 21229 a multiple of 71?
True
Does 6 divide 798?
True
Is 11 a factor of 3883?
True
Does 31 divide 53320?
True
Does 10 divide 6662?
False
Is 665 a multiple of 7?
True
Is 692 a multiple of 173?
True
Is 9 a factor of 9030?
False
Is 3157 a multiple of 41?
True
Is 23 a factor of 828?
True
Is 2754 a multiple of 34?
True
Is 2952 a multiple of 4?
True
Does 32 divide 512?
True
Does 9 divide 4752?
True
Is 194 a factor of 28300?
False
Is 137 a multiple of 12?
False
Is 240 a multiple of 16?
True
Does 17 divide 5596?
False
Does 34 divide 37196?
True
Is 506 a multiple of 15?
False
Does 44 divide 4708?
True
Does 2 divide 2380?
True
Does 3 divide 48?
True
Does 61 divide 16714?
True
Is 3249 a multiple of 19?
True
Does 65 divide 689?
False
Is 632 a multiple of 79?
True
Is 3 a factor of 102?
True
Does 358 divide 49404?
True
Is 11977 a multiple of 59?
True
Does 56 divide 1512?
True
Does 161 divide 73416?
True
Is 14418 a multiple of 14?
False
Is 18 a factor of 441?
False
Does 71 divide 2272?
True
Does 123 divide 23754?
False
Is 1794 a multiple of 69?
True
Is 21 a factor of 506?
False
Is 28 a factor of 784?
True
Is 39 a factor of 138333?
True
Is 3750 a multiple of 15?
True
Is 13552 a multiple of 29?
False
Is 5 a factor of 289?
False
Is 79 a factor of 2291?
True
Does 22 divide 8536?
True
Is 3 a factor of 582?
True
Is 124141 a multiple of 28?
False
Does 32 divide 22848?
True
Does 97 divide 4775?
False
Is 836 a multiple of 13?
False
Is 133074 a multiple of 91?
False
Does 28 divide 4088?
True
Is 5 a factor of 391?
False
Does 73 divide 8117?
False
Is 1376 a multiple of 16?
True
Does 34 divide 560?
False
Does 184 divide 39385?
False
Is 16 a factor of 496?
True
Is 209 a multiple of 11?
True
Is 27240 a multiple of 60?
True
Is 327 a multiple of 8?
False
Does 11 divide 55?
True
Is 3995 a multiple of 54?
False
Is 2 a factor of 58?
True
Does 100 divide 1400?
True
Does 15 divide 241?
False
Does 29 divide 3034?
False
Does 17 divide 72822?
False
Is 5 a factor of 195?
True
Does 50 divide 5100?
True
Does 85 divide 50150?
True
Is 83 a factor of 28389?
False
Is 123 a multiple of 7?
False
Is 15872 a multiple of 8?
True
Is 357 a multiple of 107?
False
Is 6 a factor of 5368?
False
Is 3520 a multiple of 22?
True
Is 106 a factor of 1272?
True
Is 74 a factor of 59310?
False
Does 6 divide 228?
True
Is 9180 a multiple of 153?
True
Is 32 a factor of 1877?
False
Does 149 divide 1602?
False
Is 14061 a multiple of 109?
True
Is 54 a factor of 324?
True
Does 9 divide 57429?
True
Does 78 divide 10091?
False
Does 14 divide 3248?
True
Is 76 a factor of 16200?
False
Is 7227 a multiple of 33?
True
Is 14878 a multiple of 253?
False
Does 31 divide 38180?
False
Is 4399 even?
False
Is 20584 a multiple of 10?
False
Is 116 a factor of 88315?
False
Is 442 a multiple of 26?
True
Is 133 a multiple of 12?
False
Is 28249 a multiple of 79?
False
Is 47 a factor of 83613?
True
Is 11 a factor of 3545?
False
Is 154 a multiple of 13?
False
Is 134 a factor of 2679?
False
Does 14 divide 711?
False
Is 562 a multiple of 3?
False
Does 3 divide 955?
False
Is 1386 a multiple of 10?
False
Is 26500 a multiple of 100?
True
Is 10 a factor of 1220?
True
Is 165 a multiple of 15?
True
Is 82 a factor of 4826?
False
Is 12 a factor of 98184?
True
Is 20 a factor of 440?
True
Does 14 divide 546?
True
Does 41 divide 42148?
True
Does 120 divide 9673?
False
Is 3211 a multiple of 4?
False
Does 11 divide 264?
True
Is 13 a factor of 2457?
True
Does 6 divide 2394?
True
Is 49619 a multiple of 25?
False
Is 11 a factor of 80728?
False
Is 22400 a multiple of 240?
False
Is 14 a factor of 2034?
False
Is 24 a factor of 3096?
True
Is 28800 a multiple of 20?
True
Does 4 divide 36?
True
Is 6 a factor of 250?
False
Is 70 even?
True
Does 34 divide 1122?
True
Is 112 a multiple of 16?
True
Is 25 a multiple of 2?
False
Does 92 divide 1867?
False
Does 184 divide 2208?
True
Is 75 a factor of 375?
True
Does 290 divide 47318?
False
Is 15 a factor of 1244?
False
Does 35 divide 19942?
False
Is 17220 a multiple of 14?
True
Is 5614 a multiple of 14?
True
Is 22 a factor of 963?
False
Does 22 divide 154?
True
Is 380 a multiple of 5?
True
Does 45 divide 692?
False
Is 17480 a multiple of 152?
True
Does 11 divide 4279?
True
Is 9179 a multiple of 19?
False
Is 187 a multiple of 5?
False
Is 2577 a multiple of 3?
True
Is 46 a factor of 11454?
True
Is 46 a factor of 41626?
False
Is 21373 a multiple of 44?
False
Is 5 a factor of 20193?
False
Is 15084 a multiple of 28?
False
Is 868 a multiple of 47?
False
Is 21 a factor of 315?
True
Does 116 divide 3364?
True
Is 5217 a multiple of 47?
True
Is 172 a factor of 22465?
False
Is 56 a factor of 1959?
False
Does 18 divide 258?
False
Is 11 a factor of 3201?
True
Is 30 a multiple of 6?
True
Is 40 a factor of 7021?
False
Is 206 a factor of 36180?
False
Is 54 a factor of 594?
True
Does 62 divide 3100?
True
Is 706 a multiple of 13?
False
Is 115 a factor of 4025?
True
Is 14 a factor of 21224?
True
Is 2875 a multiple of 16?
False
Does 185 divide 73119?
False
Is 86 a factor of 13674?
True
Is 783 a multiple of 29?
True
Does 11 divide 20?
False
Does 107 divide 6405?
False
Does 3 divide 34?
False
Is 127041 a multiple of 82?
False
Is 10318 a multiple of 23?
False
Is 5984 a multiple of 44?
True
Does 11 divide 858?
True
Is 589 a multiple of 35?
False
Does 8 divide 8256?
True
Is 3283 a multiple of 7?
True
Does 2 divide 293?
False
Is 25771 a multiple of 8?
False
Does 28 divide 30768?
False
Is 1770 a multiple of 59?
True
Does 10 divide 22280?
True
Is 47 a factor of 597?
False
Is 2928 a multiple of 48?
True
Is 81 a factor of 7452?
True
Is 3650 a multiple of 13?
False
Does 8 divide 120?
True
Is 18 a factor of 1156?
False
Is 7 a factor of 2338?
True
Does 14 divide 42?
True
Is 378 a multiple of 4?
False
Is 24426 a multiple of 192?
False
Is 847 a multiple of 13?
False
Is 18 a factor of 417?
False
Does 13 divide 7012?
False
Is 34222 a multiple of 142?
True
Is 109 a factor of 24533?
False
Is 99 a factor of 2574?
True
Is 16 a factor of 11863?
False
Is 6 a factor of 192?
True
Is 77 a factor of 119427?
True
Is 11 a factor of 3512?
False
Is 17423 a multiple of 19?
True
Is 29040 a multiple of 44?
True
Is 89 a multiple of 18?
False
Is 2 a factor of 281?
False
Is 3468 a multiple of 17?
True
Is 17 a factor of 1041?
False
Is 9381 a multiple of 31?
False
Is